2*r - 3*o - 33. Let i(a) = 36*a - 97. Calculate the remainder when i(5) is divided by r.
20
Suppose 18*f = 1426 + 1184. What is the remainder when f is divided by 30?
25
Suppose -3*o = -120 - 165. Calculate the remainder when o is divided by 14.
11
Let d = -264 - -270. What is the remainder when 49 is divided by d?
1
Let y(l) = l**2 - 5*l + 12. Let u be y(-5). Suppose 2*p = 5*i + u, p - i = 6*p - 182. Suppose 204 = 4*m + p. Calculate the remainder when m is divided by 15.
12
What is the remainder when 26 is divided by (-16)/(-32) - 26/(-4)?
5
Suppose 2*x - 24 = -0*x. Let v = x + 1. Let b = -8 + v. What is the remainder when 14 is divided by b?
4
Let d(q) be the third derivative of q**5/60 + q**4/3 - 3*q**3 - 12*q**2. Let y be d(-10). Calculate the remainder when 103 is divided by (-428)/(-20) - y/5.
19
Let a(v) = 3*v**2 - 2*v - 5. Suppose 2*o = 2 + 6. Let z be a(o). Suppose z - 125 = -5*q. What is the remainder when q is divided by 5?
3
Suppose 0 = -44*k - 122 + 914. What is the remainder when 70 is divided by k?
16
Suppose -152 = -100*z + 96*z. Calculate the remainder when 81 is divided by z.
5
Let h = 398 + -356. Calculate the remainder when 203 is divided by h.
35
Suppose 5*t + 2*m = m + 165, -4*t = m - 133. What is the remainder when t is divided by 20?
12
Suppose 9*s = 6*s + 111. Suppose 7 - 3 = 2*l + 4*m, -s = -5*l - m. Suppose 0 = -3*o - h + 67, -5 = -o - 2*h + 6*h. What is the remainder when o is divided by l?
5
Let k = 28 - 24. Calculate the remainder when (2 + (-113)/k)*-4 is divided by 18.
15
What is the remainder when 764/(-6)*(-3 - 0) + -3 is divided by 10?
9
Suppose 3*o = -4*w + 340, -3*w = -3*o - w + 352. Calculate the remainder when o is divided by 9.
8
Let l(w) = -2*w - 10. Let p be (-6)/4*-4*-1. Let i be l(p). Let h = i - -20. What is the remainder when 85 is divided by h?
19
Let a = -111 + 134. Suppose 11 - 71 = -4*i. What is the remainder when a is divided by i?
8
Let m = -8 + -9. Let u = m - -24. Let o(c) = c**2 + 5*c + 9. What is the remainder when u is divided by o(-2)?
1
Suppose -2*y = 2*l - 0*l - 4, -37 = 4*y - 5*l. Let j = y + 6. Calculate the remainder when (-30)/(-18)*1*j is divided by 2.
1
Let r = 233 - 228. Let q(m) = 2*m**2 + 7*m + 4. Let h(g) = g**2 + 5*g + 1. Let p be h(-3). Calculate the remainder when q(p) is divided by r.
4
Let c(m) = 104*m + 519. What is the remainder when c(-4) is divided by ((-26)/(-5))/(3/15)?
25
Let s(i) be the first derivative of -i**2 + 19*i + 15. What is the remainder when s(8) is divided by 3?
0
Suppose -15*z - 3360 = -71*z. What is the remainder when 130 is divided by z?
10
Let s be 3 - 4/(16/28). Calculate the remainder when ((-20)/15)/s*42 is divided by 3.
2
Let c(d) = d**3 - 11*d**2 + 11*d + 6. Let u(x) = x**3 - 12*x**2 + 11*x + 6. Let r(a) = 5*c(a) - 4*u(a). What is the remainder when 41 is divided by r(5)?
8
Suppose -25 = -2*f - 5*v, -f + 2*v + v = -7. What is the remainder when 29 is divided by (f/(-8))/(-2*1/24)?
14
Let g = 33 + -16. Calculate the remainder when ((-2108)/51)/(16/(-12)) is divided by g.
14
Let u = -140 + 216. Let a = -41 + u. Calculate the remainder when a is divided by 18.
17
Let x = 115 - -5. Suppose -9*t - t = -x. What is the remainder when 43 is divided by t?
7
Let p = -1098 + 1471. Calculate the remainder when p is divided by 19.
12
Suppose -3*i = 4*h - 2*h + 7, -5*i - 4*h = 13. Let b(d) = -49*d + 1. Calculate the remainder when b(i) is divided by 18.
14
Let j(d) = -2*d + 16. Let x be j(8). Suppose a - 12 - 8 = x. Calculate the remainder when 39 is divided by a.
19
Calculate the remainder when 124 is divided by (-58)/145 + (-1 - 217/(-5)).
40
Suppose 63*x - 60*x + 450 = 2*o, o - 225 = -3*x. Calculate the remainder when o is divided by 73.
6
Suppose 4*b - 4 = 24. Suppose 3*h - h - 64 = 0. Let y = 57 - h. What is the remainder when y is divided by b?
4
Suppose 308*t = 316*t - 352. Calculate the remainder when 306 is divided by t.
42
Suppose 35*k - 33*k = 14. What is the remainder when k is divided by 7?
0
Suppose -27*d + 638 = -415. Let z(t) = t**2 - t**2 - t - 1 + t**2. What is the remainder when d is divided by z(4)?
6
Let u = 557 - 439. Calculate the remainder when u is divided by 57.
4
Let m = 391 + -319. What is the remainder when m is divided by 48?
24
Let q = 11 - 6. Suppose -j - 21 = 5*k, 0 = -q*j + 3*k - k + 30. Suppose -8 - j = -o. Calculate the remainder when 22 is divided by o.
10
Suppose 4*i + 5*s = -5, 4 = 5*i - 5*s - 1. Let n(o) = -4*o + 21. What is the remainder when n(i) is divided by 6?
3
Let d = 425 + -412. What is the remainder when 51 is divided by d?
12
Let a(k) = k**3 - 13*k**2 - 13*k - 8. Let j be a(14). Suppose j*c - 87 = 3*c + 3*w, 5*w = c - 45. Calculate the remainder when 173 is divided by c.
23
Let o = 368 + -255. Let q = o + -59. What is the remainder when q is divided by 14?
12
Suppose 0*v + 3*v = 48. What is the remainder when (-6)/(-7)*(-3 - 2915/(-22)) is divided by v?
15
Suppose 16*a - 508 = 36. Calculate the remainder when 237 is divided by a.
33
Let l(j) = 6*j. Let o be l(-3). Let s = -4 - o. Let k = s + 0. Calculate the remainder when 26 is divided by k.
12
Let g = -197 - -215. Calculate the remainder when 18 is divided by g.
0
Let p = -62 + 64. Suppose -5*d = -15, -3*d + p*d - 37 = -4*u. Calculate the remainder when 49 is divided by u.
9
Let d = 12 + 2. Let r = d - 3. What is the remainder when r is divided by 4?
3
Let k(c) = c**2 + 3*c - 30. Calculate the remainder when 91 is divided by k(6).
19
Let q be 10 + 1*(0/(-3) - 4). Suppose 0 = -x + 5*p + 13, 2*x = 2*p + q + 52. Calculate the remainder when 130 is divided by x.
31
Let o(b) = b**2 - 25*b - 133. Let f = 28 - -2. What is the remainder when f is divided by o(30)?
13
Let j(h) = -h**3 - 14*h**2 - 26*h - 82. Calculate the remainder when 114 is divided by j(-13).
27
Suppose 0 = 11*c - 8*c + 213. Let g = -49 - c. What is the remainder when g is divided by 12?
10
Suppose 0 = 2*g - 7*j + 8*j - 17, 49 = 4*g + 5*j. What is the remainder when 162 is divided by g?
0
Suppose -6*b - 547 = -1171. What is the remainder when b is divided by 42?
20
Suppose 2*c = -5*s - 271, -3*c + 226 = -7*s + 3*s. Let k = s - -64. Calculate the remainder when 32 is divided by k.
5
Suppose 0 = -5*c + 3*c. Suppose c = -5*h + 2*h + 15. Suppose 194 = 3*i - h*o, -3*o = -i - 2*o + 64. What is the remainder when i is divided by 11?
8
Let u be -1 - (-6)/15*20. Let b = -6 - 7. Let n = u - b. What is the remainder when 57 is divided by n?
17
Suppose 0 = w + 1480 - 1497. Calculate the remainder when 173 is divided by w.
3
Let b be (3 - -7)/(-2)*-1 + -3. Calculate the remainder when 830/30 - b/(-6) is divided by 10.
8
Let q = -948 + 997. Calculate the remainder when q is divided by 26.
23
Let y be (-488)/(-10) - 2/(-10). Suppose -b + x + y = -44, 3*x = 0. What is the remainder when b is divided by -3 + 3 - (0 - 24)?
21
Let s(r) = -4*r - 11. Let d be (-35)/10 + (-6)/(-4). Calculate the remainder when (264/4)/((-2)/d) is divided by s(-7).
15
Let x(z) = 4*z - 50. Let n be x(15). Let u(m) = 5*m - 26. Calculate the remainder when 84 is divided by u(n).
12
Let a(r) = r**3 - 9*r**2 + 7. Let s be a(9). Suppose -s = 4*h - 75. What is the remainder when 48 is divided by h?
14
Let h(l) = 359*l - 104. What is the remainder when h(4) is divided by 23?
21
Let k = -76 + 128. Suppose 0 = 5*o - 5*w + 2*w + k, -2*w + 48 = -5*o. Calculate the remainder when 171/36 - 2/o is divided by 3.
2
Let x be 6/15 + (-144)/10. Let l be x/(-6) - 5/15. What is the remainder when 177*(2/3)/l is divided by 20?
19
Calculate the remainder when 1908/(-10 + 16) + 5 is divided by 99.
26
Let q(b) = 13*b + 124. Calculate the remainder when q(-8) is divided by 17.
3
Let k = -116 - -150. Calculate the remainder when k is divided by 18.
16
Let u be (-12)/(-54) + 34/9. Suppose 0 = -2*c + 38 - u. What is the remainder when c is divided by 9?
8
Calculate the remainder when 214 is divided by 5 - 42/12*-2.
10
Suppose -26*u + 270 = -11*u. What is the remainder when u is divided by 17?
1
Let q(p) = -9*p - 39. What is the remainder when 331 is divided by q(-7)?
19
Let d(w) be the first derivative of 3*w**4/4 - w**3/3 + w**2/2 - 2*w - 23. Calculate the remainder when 117 is divided by d(2).
17
Let g = 427 + -389. What is the remainder when 257 is divided